{"id":51,"date":"2017-04-16T21:55:40","date_gmt":"2017-04-16T21:55:40","guid":{"rendered":"https:\/\/cetcencc.wordpress.com\/?page_id=51"},"modified":"2017-11-16T10:50:57","modified_gmt":"2017-11-16T09:50:57","slug":"tchecoslovaquie","status":"publish","type":"page","link":"https:\/\/cetcen2c.ovh\/index.php\/nos-voyages\/annee-2017\/tchecoslovaquie\/","title":{"rendered":"SLOVAQUIE"},"content":{"rendered":"<p><img loading=\"lazy\" decoding=\"async\" class=\"alignnone size-full wp-image-86\" src=\"https:\/\/cetcencc.files.wordpress.com\/2017\/04\/captureslovaquie1.jpg\" alt=\"Captureslovaquie1\" width=\"1571\" height=\"784\" srcset=\"https:\/\/cetcen2c.ovh\/wp-content\/uploads\/2017\/04\/captureslovaquie1.jpg 1571w, https:\/\/cetcen2c.ovh\/wp-content\/uploads\/2017\/04\/captureslovaquie1-300x150.jpg 300w, https:\/\/cetcen2c.ovh\/wp-content\/uploads\/2017\/04\/captureslovaquie1-768x383.jpg 768w, https:\/\/cetcen2c.ovh\/wp-content\/uploads\/2017\/04\/captureslovaquie1-1024x511.jpg 1024w\" sizes=\"auto, (max-width: 1571px) 100vw, 1571px\" \/><\/p>\n<p><img loading=\"lazy\" decoding=\"async\" class=\"alignnone size-full wp-image-108\" src=\"https:\/\/cetcencc.files.wordpress.com\/2017\/04\/slovaque.jpg\" alt=\"slovaque\" width=\"1280\" height=\"962\" srcset=\"https:\/\/cetcen2c.ovh\/wp-content\/uploads\/2017\/04\/slovaque.jpg 1280w, https:\/\/cetcen2c.ovh\/wp-content\/uploads\/2017\/04\/slovaque-300x225.jpg 300w, https:\/\/cetcen2c.ovh\/wp-content\/uploads\/2017\/04\/slovaque-768x577.jpg 768w, https:\/\/cetcen2c.ovh\/wp-content\/uploads\/2017\/04\/slovaque-1024x770.jpg 1024w\" sizes=\"auto, (max-width: 1280px) 100vw, 1280px\" \/><\/p>\n<p><img loading=\"lazy\" decoding=\"async\" class=\"alignnone size-full wp-image-140\" src=\"https:\/\/cetcencc.files.wordpress.com\/2017\/04\/salaire-slovaquie.jpg\" alt=\"salaire slovaquie\" width=\"971\" height=\"259\" \/><\/p>\n<p><img loading=\"lazy\" decoding=\"async\" class=\"alignnone size-full wp-image-1057\" src=\"https:\/\/cetcen2c.ovh\/wp-content\/uploads\/2017\/10\/prague_bratislava.jpg\" alt=\"prague_bratislava\" width=\"640\" height=\"592\" srcset=\"https:\/\/cetcen2c.ovh\/wp-content\/uploads\/2017\/10\/prague_bratislava.jpg 640w, https:\/\/cetcen2c.ovh\/wp-content\/uploads\/2017\/10\/prague_bratislava-300x278.jpg 300w\" sizes=\"auto, (max-width: 640px) 100vw, 640px\" \/><\/p>\n<p><span style=\"color: #0000ff;\"><em><strong>MARDI 30 MAI 2017 &#8211; Etape de 362 Kms.<\/strong><\/em><\/span><\/p>\n<p><span style=\"color: #000000;\"><strong>Arriv\u00e9e au Camping\u00a0SLATE PIESKY\u00a0\u00e0 proximit\u00e9 de <a href=\"https:\/\/fr.wikipedia.org\/wiki\/Bratislava\"><span style=\"color: #0000ff;\">BRATISLAVA<\/span><\/a>.<\/strong><\/span><\/p>\n<p><span style=\"color: #000000;\"><strong>Ce Camping se trouve le long d&rsquo;une 2 x 2 voies, et au bord d&rsquo;un grand lac.<\/strong><\/span><\/p>\n<p><img loading=\"lazy\" decoding=\"async\" class=\"alignnone size-full wp-image-427\" src=\"https:\/\/cetcencc.files.wordpress.com\/2017\/04\/dscn4049-copier.jpg\" alt=\"DSCN4049 (Copier)\" width=\"800\" height=\"450\" \/><\/p>\n<p><span style=\"color: #0000ff;\"><em><strong>MERCREDI 31 MAI 2017 &#8211;<\/strong><\/em><\/span><\/p>\n<p><span style=\"color: #000000;\"><strong>Lever \u00e0 9 h 30, cette nuit \u00e0 2 h du matin, un gros orage sur le Camping.<\/strong><\/span><\/p>\n<p><span style=\"color: #000000;\"><strong>Repos\u00a0une partie de\u00a0la journ\u00e9e, vers 16 h , un gros boum, suivi d&rsquo;un autre boum, \u00e0 10 m\u00e8tres juste derri\u00e8re mon camping car, derri\u00e8re le mur anti-bruit d&rsquo;une 2&#215;2 voies. Voir photos prises depuis la passerelle \u00e0 100 m\u00e8tres du camping ( photos prises zoom 40 X, sans pied ).<\/strong><\/span><\/p>\n<p><img loading=\"lazy\" decoding=\"async\" class=\"alignnone size-full wp-image-428\" src=\"https:\/\/cetcencc.files.wordpress.com\/2017\/04\/dscn4071-copier.jpg\" alt=\"DSCN4071 (Copier)\" width=\"800\" height=\"600\" \/><img loading=\"lazy\" decoding=\"async\" class=\"alignnone size-full wp-image-429\" src=\"https:\/\/cetcencc.files.wordpress.com\/2017\/04\/dscn4072-copier.jpg\" alt=\"DSCN4072 (Copier)\" width=\"800\" height=\"600\" \/><img loading=\"lazy\" decoding=\"async\" class=\"alignnone size-full wp-image-430\" src=\"https:\/\/cetcencc.files.wordpress.com\/2017\/04\/dscn4073-copier.jpg\" alt=\"DSCN4073 (Copier)\" width=\"800\" height=\"600\" \/><img loading=\"lazy\" decoding=\"async\" class=\"alignnone size-full wp-image-431\" src=\"https:\/\/cetcencc.files.wordpress.com\/2017\/04\/dscn4074-copier.jpg\" alt=\"DSCN4074 (Copier)\" width=\"800\" height=\"600\" \/><img loading=\"lazy\" decoding=\"async\" class=\"alignnone size-full wp-image-432\" src=\"https:\/\/cetcencc.files.wordpress.com\/2017\/04\/dscn4075-copier.jpg\" alt=\"DSCN4075 (Copier)\" width=\"800\" height=\"600\" \/><img loading=\"lazy\" decoding=\"async\" class=\"alignnone size-full wp-image-433\" src=\"https:\/\/cetcencc.files.wordpress.com\/2017\/04\/dscn4076-copier.jpg\" alt=\"DSCN4076 (Copier)\" width=\"800\" height=\"600\" \/><img loading=\"lazy\" decoding=\"async\" class=\"alignnone size-full wp-image-434\" src=\"https:\/\/cetcencc.files.wordpress.com\/2017\/04\/dscn4077-copier.jpg\" alt=\"DSCN4077 (Copier)\" width=\"800\" height=\"600\" \/><img loading=\"lazy\" decoding=\"async\" class=\"alignnone size-full wp-image-435\" src=\"https:\/\/cetcencc.files.wordpress.com\/2017\/04\/dscn4078-copier.jpg\" alt=\"DSCN4078 (Copier)\" width=\"800\" height=\"600\" \/><img loading=\"lazy\" decoding=\"async\" class=\"alignnone size-full wp-image-436\" src=\"https:\/\/cetcencc.files.wordpress.com\/2017\/04\/dscn4079-copier.jpg\" alt=\"DSCN4079 (Copier)\" width=\"800\" height=\"600\" \/><img loading=\"lazy\" decoding=\"async\" class=\"alignnone size-full wp-image-437\" src=\"https:\/\/cetcencc.files.wordpress.com\/2017\/04\/dscn4080-copier.jpg\" alt=\"DSCN4080 (Copier)\" width=\"800\" height=\"600\" \/><img loading=\"lazy\" decoding=\"async\" class=\"alignnone size-full wp-image-438\" src=\"https:\/\/cetcencc.files.wordpress.com\/2017\/04\/dscn4081-copier.jpg\" alt=\"DSCN4081 (Copier)\" width=\"800\" height=\"600\" \/><img loading=\"lazy\" decoding=\"async\" class=\"alignnone size-full wp-image-439\" src=\"https:\/\/cetcencc.files.wordpress.com\/2017\/04\/dscn4082-copier.jpg\" alt=\"DSCN4082 (Copier)\" width=\"800\" height=\"600\" \/><img loading=\"lazy\" decoding=\"async\" class=\"alignnone size-full wp-image-440\" src=\"https:\/\/cetcencc.files.wordpress.com\/2017\/04\/dscn4083-copier.jpg\" alt=\"DSCN4083 (Copier)\" width=\"800\" height=\"600\" \/><\/p>\n<p><span style=\"color: #0000ff;\"><em><strong>JEUDI 01 JUIN 2017 &#8211;<\/strong><\/em><\/span><\/p>\n<p><span style=\"color: #000000;\"><strong>Repos toute la journ\u00e9e.<\/strong><\/span><\/p>\n<p><img loading=\"lazy\" decoding=\"async\" class=\"alignnone size-full wp-image-441\" src=\"https:\/\/cetcencc.files.wordpress.com\/2017\/04\/dscn4046-copier.jpg\" alt=\"DSCN4046 (Copier)\" width=\"800\" height=\"450\" \/><img loading=\"lazy\" decoding=\"async\" class=\"alignnone size-full wp-image-442\" src=\"https:\/\/cetcencc.files.wordpress.com\/2017\/04\/dscn4047-copier.jpg\" alt=\"DSCN4047 (Copier)\" width=\"800\" height=\"450\" \/><img loading=\"lazy\" decoding=\"async\" class=\"alignnone size-full wp-image-443\" src=\"https:\/\/cetcencc.files.wordpress.com\/2017\/04\/dscn4048-copier.jpg\" alt=\"DSCN4048 (Copier)\" width=\"800\" height=\"450\" \/><img loading=\"lazy\" decoding=\"async\" class=\"alignnone size-full wp-image-444\" src=\"https:\/\/cetcencc.files.wordpress.com\/2017\/04\/dscn4050-copier.jpg\" alt=\"DSCN4050 (Copier)\" width=\"800\" height=\"450\" \/><img loading=\"lazy\" decoding=\"async\" class=\"alignnone size-full wp-image-445\" src=\"https:\/\/cetcencc.files.wordpress.com\/2017\/04\/dscn4051-copier.jpg\" alt=\"DSCN4051 (Copier)\" width=\"800\" height=\"450\" \/><img loading=\"lazy\" decoding=\"async\" class=\"alignnone size-full wp-image-446\" src=\"https:\/\/cetcencc.files.wordpress.com\/2017\/04\/dscn4052-copier.jpg\" alt=\"DSCN4052 (Copier)\" width=\"800\" height=\"450\" \/><img loading=\"lazy\" decoding=\"async\" class=\"alignnone size-full wp-image-447\" src=\"https:\/\/cetcencc.files.wordpress.com\/2017\/04\/dscn4053-copier.jpg\" alt=\"DSCN4053 (Copier)\" width=\"800\" height=\"450\" \/><img loading=\"lazy\" decoding=\"async\" class=\"alignnone size-full wp-image-448\" src=\"https:\/\/cetcencc.files.wordpress.com\/2017\/04\/dscn4054-copier.jpg\" alt=\"DSCN4054 (Copier)\" width=\"800\" height=\"450\" \/><img loading=\"lazy\" decoding=\"async\" class=\"alignnone size-full wp-image-449\" src=\"https:\/\/cetcencc.files.wordpress.com\/2017\/04\/dscn4055-copier.jpg\" alt=\"DSCN4055 (Copier)\" width=\"800\" height=\"450\" \/><img loading=\"lazy\" decoding=\"async\" class=\"alignnone size-full wp-image-450\" src=\"https:\/\/cetcencc.files.wordpress.com\/2017\/04\/dscn4056-copier.jpg\" alt=\"DSCN4056 (Copier)\" width=\"800\" height=\"450\" \/><img loading=\"lazy\" decoding=\"async\" class=\"alignnone size-full wp-image-451\" src=\"https:\/\/cetcencc.files.wordpress.com\/2017\/04\/dscn4057-copier.jpg\" alt=\"DSCN4057 (Copier)\" width=\"800\" height=\"450\" \/><img loading=\"lazy\" decoding=\"async\" class=\"alignnone size-full wp-image-452\" src=\"https:\/\/cetcencc.files.wordpress.com\/2017\/04\/dscn4058-copier.jpg\" alt=\"DSCN4058 (Copier)\" width=\"800\" height=\"450\" \/><img loading=\"lazy\" decoding=\"async\" class=\"alignnone size-full wp-image-453\" src=\"https:\/\/cetcencc.files.wordpress.com\/2017\/04\/dscn4059-copier.jpg\" alt=\"DSCN4059 (Copier)\" width=\"800\" height=\"450\" \/><img loading=\"lazy\" decoding=\"async\" class=\"alignnone size-full wp-image-454\" src=\"https:\/\/cetcencc.files.wordpress.com\/2017\/04\/dscn4060-copier.jpg\" alt=\"DSCN4060 (Copier)\" width=\"800\" height=\"450\" \/><img loading=\"lazy\" decoding=\"async\" class=\"alignnone size-full wp-image-455\" src=\"https:\/\/cetcencc.files.wordpress.com\/2017\/04\/dscn4061-copier.jpg\" alt=\"DSCN4061 (Copier)\" width=\"800\" height=\"450\" \/><img loading=\"lazy\" decoding=\"async\" class=\"alignnone size-full wp-image-456\" src=\"https:\/\/cetcencc.files.wordpress.com\/2017\/04\/dscn4062-copier.jpg\" alt=\"DSCN4062 (Copier)\" width=\"800\" height=\"450\" \/><img loading=\"lazy\" decoding=\"async\" class=\"alignnone size-full wp-image-457\" src=\"https:\/\/cetcencc.files.wordpress.com\/2017\/04\/dscn4063-copier.jpg\" alt=\"DSCN4063 (Copier)\" width=\"800\" height=\"450\" \/><img loading=\"lazy\" decoding=\"async\" class=\"alignnone size-full wp-image-458\" src=\"https:\/\/cetcencc.files.wordpress.com\/2017\/04\/dscn4066-copier.jpg\" alt=\"DSCN4066 (Copier)\" width=\"800\" height=\"600\" \/><img loading=\"lazy\" decoding=\"async\" class=\"alignnone size-full wp-image-459\" src=\"https:\/\/cetcencc.files.wordpress.com\/2017\/04\/dscn4067-copier.jpg\" alt=\"DSCN4067 (Copier)\" width=\"800\" height=\"600\" \/><img loading=\"lazy\" decoding=\"async\" class=\"alignnone size-full wp-image-460\" src=\"https:\/\/cetcencc.files.wordpress.com\/2017\/04\/dscn4068-copier.jpg\" alt=\"DSCN4068 (Copier)\" width=\"800\" height=\"600\" \/><img loading=\"lazy\" decoding=\"async\" class=\"alignnone size-full wp-image-461\" src=\"https:\/\/cetcencc.files.wordpress.com\/2017\/04\/dscn4069-copier.jpg\" alt=\"DSCN4069 (Copier)\" width=\"800\" height=\"600\" \/><img loading=\"lazy\" decoding=\"async\" class=\"alignnone size-full wp-image-462\" src=\"https:\/\/cetcencc.files.wordpress.com\/2017\/04\/dscn4070-copier.jpg\" alt=\"DSCN4070 (Copier)\" width=\"800\" height=\"600\" \/><img loading=\"lazy\" decoding=\"async\" class=\"alignnone size-full wp-image-463\" src=\"https:\/\/cetcencc.files.wordpress.com\/2017\/04\/dscn4084-copier.jpg\" alt=\"DSCN4084 (Copier)\" width=\"800\" height=\"600\" \/><img loading=\"lazy\" decoding=\"async\" class=\"alignnone size-full wp-image-464\" src=\"https:\/\/cetcencc.files.wordpress.com\/2017\/04\/dscn4085-copier.jpg\" alt=\"DSCN4085 (Copier)\" width=\"800\" height=\"600\" \/><img loading=\"lazy\" decoding=\"async\" class=\"alignnone size-full wp-image-465\" src=\"https:\/\/cetcencc.files.wordpress.com\/2017\/04\/dscn4086-copier.jpg\" alt=\"DSCN4086 (Copier)\" width=\"800\" height=\"600\" \/><\/p>\n<p><span style=\"color: #0000ff;\"><em><strong>VENDREDI 02 JUIN 2017 &#8211;<\/strong><\/em><\/span><\/p>\n<p><span style=\"color: #000000;\"><strong>D\u00e9part du Camping SLATE PIESKY en SLOVAQUIE pour la POLOGNE .<\/strong><\/span><\/p>\n<p><img loading=\"lazy\" decoding=\"async\" class=\"wp-image-1210 size-full aligncenter\" src=\"https:\/\/cetcen2c.ovh\/wp-content\/uploads\/2017\/10\/Trajet-04.jpg\" alt=\"\" width=\"688\" height=\"132\" srcset=\"https:\/\/cetcen2c.ovh\/wp-content\/uploads\/2017\/10\/Trajet-04.jpg 688w, https:\/\/cetcen2c.ovh\/wp-content\/uploads\/2017\/10\/Trajet-04-300x58.jpg 300w\" sizes=\"auto, (max-width: 688px) 100vw, 688px\" \/><\/p>\n<p><span style=\"color: #000000;\"><strong><span style=\"color: #ff6600;\"><em>Cliquer sur : <a href=\"https:\/\/cetcen2c.ovh\/index.php\/nos-voyages\/annee-2017\/pologne\/\"><span style=\"color: #0000ff;\">SUITE<\/span><\/a><a href=\"https:\/\/cetcen2c.ovh\/index.php\/nos-voyages\/annee-2017\/tchequie\/\"><span style=\"color: #0000ff;\"><\/span><\/a><\/em><\/span><\/strong><\/span><\/p>\n","protected":false},"excerpt":{"rendered":"<p>MARDI 30 MAI 2017 &#8211; Etape de 362 Kms. Arriv\u00e9e au Camping\u00a0SLATE PIESKY\u00a0\u00e0 proximit\u00e9 de BRATISLAVA. Ce Camping se trouve le long d&rsquo;une 2 x 2 voies, et au bord d&rsquo;un grand lac. MERCREDI 31 MAI 2017 &#8211; Lever \u00e0 &hellip; <a href=\"https:\/\/cetcen2c.ovh\/index.php\/nos-voyages\/annee-2017\/tchecoslovaquie\/\">Continuer la lecture <span class=\"meta-nav\">&rarr;<\/span><\/a><\/p>\n","protected":false},"author":1,"featured_media":0,"parent":43,"menu_order":6,"comment_status":"closed","ping_status":"closed","template":"","meta":{"footnotes":""},"class_list":["post-51","page","type-page","status-publish","hentry"],"_links":{"self":[{"href":"https:\/\/cetcen2c.ovh\/index.php\/wp-json\/wp\/v2\/pages\/51","targetHints":{"allow":["GET"]}}],"collection":[{"href":"https:\/\/cetcen2c.ovh\/index.php\/wp-json\/wp\/v2\/pages"}],"about":[{"href":"https:\/\/cetcen2c.ovh\/index.php\/wp-json\/wp\/v2\/types\/page"}],"author":[{"embeddable":true,"href":"https:\/\/cetcen2c.ovh\/index.php\/wp-json\/wp\/v2\/users\/1"}],"replies":[{"embeddable":true,"href":"https:\/\/cetcen2c.ovh\/index.php\/wp-json\/wp\/v2\/comments?post=51"}],"version-history":[{"count":5,"href":"https:\/\/cetcen2c.ovh\/index.php\/wp-json\/wp\/v2\/pages\/51\/revisions"}],"predecessor-version":[{"id":1281,"href":"https:\/\/cetcen2c.ovh\/index.php\/wp-json\/wp\/v2\/pages\/51\/revisions\/1281"}],"up":[{"embeddable":true,"href":"https:\/\/cetcen2c.ovh\/index.php\/wp-json\/wp\/v2\/pages\/43"}],"wp:attachment":[{"href":"https:\/\/cetcen2c.ovh\/index.php\/wp-json\/wp\/v2\/media?parent=51"}],"curies":[{"name":"wp","href":"https:\/\/api.w.org\/{rel}","templated":true}]}}