{"id":1385,"date":"2017-12-04T16:53:34","date_gmt":"2017-12-04T15:53:34","guid":{"rendered":"http:\/\/cetcen2c.ovh\/?page_id=1385"},"modified":"2017-12-05T23:46:35","modified_gmt":"2017-12-05T22:46:35","slug":"divers","status":"publish","type":"page","link":"https:\/\/cetcen2c.ovh\/index.php\/divers\/","title":{"rendered":"Cot\u00e9 Pratique"},"content":{"rendered":"<p style=\"text-align: center;\"><strong>Petits BONUS :<\/strong><\/p>\n<p><strong>Les vols a\u00e9riens en direct :<\/strong> <span style=\"color: #0000ff;\"><a style=\"color: #0000ff;\" href=\"http:\/\/flightradar24.com\"><strong><em>flightradar24.com<\/em><\/strong><\/a><\/span><\/p>\n<p><strong>M\u00e9t\u00e9o :<\/strong> <em><strong><a href=\"https:\/\/www.ventusky.com\/?p=47.67;6.97;7&amp;l=rain-3h\"><span style=\"color: #0000ff;\">https:\/\/www.ventusky.com\/?p=47.67;6.97;7&amp;l=rain-3h<\/span><\/a><\/strong><\/em><\/p>\n<p style=\"text-align: center;\"><strong>\u00b0\u00b0\u00b0\u00b0\u00b0\u00b0\u00b0\u00b0\u00b0\u00b0\u00b0\u00b0\u00b0\u00b0\u00b0\u00b0\u00b0\u00b0\u00b0\u00b0\u00b0\u00b0\u00b0\u00b0\u00b0\u00b0<\/strong><\/p>\n<div class=\"entry-content\">\n<p style=\"text-align: center;\"><strong>Petits Utilitaires bien pratiques :<\/strong><\/p>\n<p><span style=\"color: #000000;\"><strong>Je vous propose deux outils de nettoyage de votre PC que j\u2019utilise r\u00e9guli\u00e8rement depuis de nombreux mois. Ils m\u2019ont donn\u00e9 enti\u00e8re satisfaction. Vous les trouverez facilement sur le Net, leur installation ne pr\u00e9sente aucune difficult\u00e9.<\/strong><\/span><\/p>\n<p><strong>1- Glary Utilities<\/strong><\/p>\n<p><img loading=\"lazy\" decoding=\"async\" class=\"alignnone wp-image-1309\" src=\"https:\/\/cetcen2c.ovh\/wp-content\/uploads\/2017\/11\/Glary-300x218.jpg\" sizes=\"auto, (max-width: 300px) 100vw, 300px\" srcset=\"https:\/\/cetcen2c.ovh\/wp-content\/uploads\/2017\/11\/Glary-300x218.jpg 300w, https:\/\/cetcen2c.ovh\/wp-content\/uploads\/2017\/11\/Glary-768x558.jpg 768w, https:\/\/cetcen2c.ovh\/wp-content\/uploads\/2017\/11\/Glary.jpg 989w\" alt=\"\" width=\"471\" height=\"342\" \/><br \/>\n<strong>Conseils :<\/strong><br \/>\n<span style=\"color: #000000;\">\u2013 Pour un nettoyage <strong>hebdomadaire <\/strong><em>(mais \u00e0 vous de d\u00e9cider)<\/em><\/span><br \/>\n<span style=\"color: #000000;\"> \u2013 Utilisez la <strong>maintenance 1clic.<\/strong><\/span><br \/>\n<span style=\"color: #000000;\"> \u2013 Ne cochez pas le <strong>nettoyage des disques<\/strong>. Cette fonction m\u2019a donn\u00e9 quelques soucis.<\/span><br \/>\n<span style=\"color: #000000;\"> <strong>Autre fonction tr\u00e8s pratique<\/strong> : Glary vous indiquera automatiquement toutes les mises \u00e0 jour de vos logiciels install\u00e9s. En un clic vous aurez acc\u00e8s \u00e0 leurs t\u00e9l\u00e9chargements.\u00a0<em>\u00c0 utiliser sans mod\u00e9ration <\/em>!<\/span><br \/>\n<span style=\"color: #000000;\"> Si vous voulez aller plus loin, vous pourrez acqu\u00e9rir une version compl\u00e8te de Glary.<\/span><\/p>\n<p><strong>2- System Ninja<\/strong><\/p>\n<p><img loading=\"lazy\" decoding=\"async\" class=\"alignnone wp-image-1311\" src=\"https:\/\/cetcen2c.ovh\/wp-content\/uploads\/2017\/11\/Ninja-300x198.jpg\" alt=\"\" width=\"482\" height=\"318\" \/><\/p>\n<p><strong>Conseils :<\/strong><br \/>\n<span style=\"color: #000000;\">\u2013 Son interface est minimaliste, cochez toutes des options \u00e0 analyser \u00e0 droite.<\/span><br \/>\n<span style=\"color: #000000;\"> \u2013 Pour un nettoyage<strong> mensuel <\/strong><em>(mais \u00e0 vous de d\u00e9cider).<\/em><\/span><br \/>\n<span style=\"color: #000000;\"> Apr\u00e8s avoir s\u00e9lectionn\u00e9 le disque \u00e0 nettoyer <em>(en principe C:<\/em>), l\u2019analyse d\u00e9marre balayant TOUS les fichiers du disque, plusieurs centaines de milliers. En cons\u00e9quence, cette op\u00e9ration peut \u00eatre assez longue. Le nombre de fichiers inutiles et leur poids, affich\u00e9s en zone 4,\u00a0 peuvent vous para\u00eetre tr\u00e8s grand, surtout lorsque vous lancerez l\u2019analyse la premi\u00e8re fois ! \u00c0 la fin, il ne vous reste plus qu\u2019\u00e0 les supprimer (zone 5).<\/span><\/p>\n<p style=\"text-align: center;\"><strong>\u00b0\u00b0\u00b0\u00b0\u00b0\u00b0\u00b0\u00b0\u00b0\u00b0\u00b0\u00b0\u00b0\u00b0\u00b0\u00b0\u00b0\u00b0\u00b0\u00b0\u00b0\u00b0<\/strong><\/p>\n<p>&nbsp;<\/p>\n<table border=\"0\" cellspacing=\"0\" cellpadding=\"0\">\n<tbody>\n<tr>\n<td><\/td>\n<td><\/td>\n<\/tr>\n<\/tbody>\n<\/table>\n<\/div>\n<footer class=\"entry-footer\"><span class=\"edit-link\"><a class=\"post-edit-link\" href=\"https:\/\/cetcen2c.ovh\/wp-admin\/post.php?post=1092&amp;action=edit\">Modifier <\/a><\/span><\/footer>\n<p>&nbsp;<\/p>\n","protected":false},"excerpt":{"rendered":"<p>Petits BONUS : Les vols a\u00e9riens en direct : flightradar24.com M\u00e9t\u00e9o : https:\/\/www.ventusky.com\/?p=47.67;6.97;7&amp;l=rain-3h \u00b0\u00b0\u00b0\u00b0\u00b0\u00b0\u00b0\u00b0\u00b0\u00b0\u00b0\u00b0\u00b0\u00b0\u00b0\u00b0\u00b0\u00b0\u00b0\u00b0\u00b0\u00b0\u00b0\u00b0\u00b0\u00b0 Petits Utilitaires bien pratiques : Je vous propose deux outils de nettoyage de votre PC que j\u2019utilise r\u00e9guli\u00e8rement depuis de nombreux mois. Ils m\u2019ont donn\u00e9 enti\u00e8re &hellip; <a href=\"https:\/\/cetcen2c.ovh\/index.php\/divers\/\">Continuer la lecture <span class=\"meta-nav\">&rarr;<\/span><\/a><\/p>\n","protected":false},"author":1,"featured_media":0,"parent":0,"menu_order":3,"comment_status":"closed","ping_status":"closed","template":"","meta":{"footnotes":""},"class_list":["post-1385","page","type-page","status-publish","hentry"],"_links":{"self":[{"href":"https:\/\/cetcen2c.ovh\/index.php\/wp-json\/wp\/v2\/pages\/1385","targetHints":{"allow":["GET"]}}],"collection":[{"href":"https:\/\/cetcen2c.ovh\/index.php\/wp-json\/wp\/v2\/pages"}],"about":[{"href":"https:\/\/cetcen2c.ovh\/index.php\/wp-json\/wp\/v2\/types\/page"}],"author":[{"embeddable":true,"href":"https:\/\/cetcen2c.ovh\/index.php\/wp-json\/wp\/v2\/users\/1"}],"replies":[{"embeddable":true,"href":"https:\/\/cetcen2c.ovh\/index.php\/wp-json\/wp\/v2\/comments?post=1385"}],"version-history":[{"count":12,"href":"https:\/\/cetcen2c.ovh\/index.php\/wp-json\/wp\/v2\/pages\/1385\/revisions"}],"predecessor-version":[{"id":1442,"href":"https:\/\/cetcen2c.ovh\/index.php\/wp-json\/wp\/v2\/pages\/1385\/revisions\/1442"}],"wp:attachment":[{"href":"https:\/\/cetcen2c.ovh\/index.php\/wp-json\/wp\/v2\/media?parent=1385"}],"curies":[{"name":"wp","href":"https:\/\/api.w.org\/{rel}","templated":true}]}}